{"id":2411,"date":"2022-07-11T12:39:14","date_gmt":"2022-07-11T12:39:14","guid":{"rendered":"http:\/\/tplabs.co\/agrios\/?page_id=2411"},"modified":"2024-03-13T19:03:36","modified_gmt":"2024-03-13T16:03:36","slug":"urunlerimiz","status":"publish","type":"page","link":"https:\/\/hacibeygroup.com\/index.php\/urunlerimiz\/","title":{"rendered":"\u00dcr\u00fcnlerimiz"},"content":{"rendered":"\t\t<div data-elementor-type=\"wp-page\" data-elementor-id=\"2411\" class=\"elementor elementor-2411\">\n\t\t\t\t\t\t<section class=\"elementor-section elementor-top-section elementor-element elementor-element-6677ed3 elementor-section-boxed elementor-section-height-default elementor-section-height-default\" data-id=\"6677ed3\" data-element_type=\"section\">\n\t\t\t\t\t\t<div class=\"elementor-container elementor-column-gap-no\">\n\t\t\t\t\t<div class=\"elementor-column elementor-col-100 elementor-top-column elementor-element elementor-element-a7d59aa\" data-id=\"a7d59aa\" data-element_type=\"column\">\n\t\t\t<div class=\"elementor-widget-wrap elementor-element-populated\">\n\t\t\t\t\t\t<div class=\"elementor-element elementor-element-ac5eada elementor-widget elementor-widget-spacer\" data-id=\"ac5eada\" data-element_type=\"widget\" data-widget_type=\"spacer.default\">\n\t\t\t\t<div class=\"elementor-widget-container\">\n\t\t\t<style>\/*! elementor - v3.20.0 - 13-03-2024 *\/\n.elementor-column .elementor-spacer-inner{height:var(--spacer-size)}.e-con{--container-widget-width:100%}.e-con-inner>.elementor-widget-spacer,.e-con>.elementor-widget-spacer{width:var(--container-widget-width,var(--spacer-size));--align-self:var(--container-widget-align-self,initial);--flex-shrink:0}.e-con-inner>.elementor-widget-spacer>.elementor-widget-container,.e-con>.elementor-widget-spacer>.elementor-widget-container{height:100%;width:100%}.e-con-inner>.elementor-widget-spacer>.elementor-widget-container>.elementor-spacer,.e-con>.elementor-widget-spacer>.elementor-widget-container>.elementor-spacer{height:100%}.e-con-inner>.elementor-widget-spacer>.elementor-widget-container>.elementor-spacer>.elementor-spacer-inner,.e-con>.elementor-widget-spacer>.elementor-widget-container>.elementor-spacer>.elementor-spacer-inner{height:var(--container-widget-height,var(--spacer-size))}.e-con-inner>.elementor-widget-spacer.elementor-widget-empty,.e-con>.elementor-widget-spacer.elementor-widget-empty{position:relative;min-height:22px;min-width:22px}.e-con-inner>.elementor-widget-spacer.elementor-widget-empty .elementor-widget-empty-icon,.e-con>.elementor-widget-spacer.elementor-widget-empty .elementor-widget-empty-icon{position:absolute;top:0;bottom:0;left:0;right:0;margin:auto;padding:0;width:22px;height:22px}<\/style>\t\t<div class=\"elementor-spacer\">\n\t\t\t<div class=\"elementor-spacer-inner\"><\/div>\n\t\t<\/div>\n\t\t\t\t<\/div>\n\t\t\t\t<\/div>\n\t\t\t\t<section class=\"elementor-section elementor-inner-section elementor-element elementor-element-5f26293 elementor-section-boxed elementor-section-height-default elementor-section-height-default\" data-id=\"5f26293\" data-element_type=\"section\">\n\t\t\t\t\t\t<div class=\"elementor-container elementor-column-gap-default\">\n\t\t\t\t\t<div class=\"elementor-column elementor-col-25 elementor-inner-column elementor-element elementor-element-96d4dcd\" data-id=\"96d4dcd\" data-element_type=\"column\">\n\t\t\t<div class=\"elementor-widget-wrap elementor-element-populated\">\n\t\t\t\t\t\t<div class=\"elementor-element elementor-element-91cfe8b align-center custom-image-box-1 image-box-style-1 elementor-widget elementor-widget-mae-image-box\" data-id=\"91cfe8b\" data-element_type=\"widget\" data-widget_type=\"mae-image-box.default\">\n\t\t\t\t<div class=\"elementor-widget-container\">\n\t\t\t                <div class=\"master-wrap\">\n                                <div class=\"master-decor html elementor-repeater-item-04c3623 \">\n                                            <\/div>\n                        <div class=\"master-image-box \">\n                            <div class=\"thumb\"><div class=\"inner\"><img fetchpriority=\"high\" decoding=\"async\" width=\"270\" height=\"320\" src=\"https:\/\/hacibeygroup.com\/wp-content\/uploads\/2024\/03\/Adsiz-tasarim-28.png\" class=\"attachment-full size-full\" alt=\"\" srcset=\"https:\/\/hacibeygroup.com\/wp-content\/uploads\/2024\/03\/Adsiz-tasarim-28.png 270w, https:\/\/hacibeygroup.com\/wp-content\/uploads\/2024\/03\/Adsiz-tasarim-28-253x300.png 253w\" sizes=\"(max-width: 270px) 100vw, 270px\" \/><\/div><\/div>\n                <div class=\"content-wrap\">\n                    <div class=\"icon-wrap\"><div class=\"master-icon\"><i class=\"agi agi-vegetable-1\"><\/i><\/div><\/div><h3 class=\"headline-2\">Limon<\/h3>                <\/div>\n                    <\/div>\n        <\/div>\t\t<\/div>\n\t\t\t\t<\/div>\n\t\t\t\t<div class=\"elementor-element elementor-element-77eba31 align-center custom-image-box-1 image-box-style-1 elementor-widget elementor-widget-mae-image-box\" data-id=\"77eba31\" data-element_type=\"widget\" data-widget_type=\"mae-image-box.default\">\n\t\t\t\t<div class=\"elementor-widget-container\">\n\t\t\t                <div class=\"master-wrap\">\n                                <div class=\"master-decor html elementor-repeater-item-04c3623 \">\n                                            <\/div>\n                        <div class=\"master-image-box \">\n                            <div class=\"thumb\"><div class=\"inner\"><img decoding=\"async\" width=\"270\" height=\"320\" src=\"https:\/\/hacibeygroup.com\/wp-content\/uploads\/2024\/03\/Adsiz-tasarim-32.png\" class=\"attachment-full size-full\" alt=\"\" srcset=\"https:\/\/hacibeygroup.com\/wp-content\/uploads\/2024\/03\/Adsiz-tasarim-32.png 270w, https:\/\/hacibeygroup.com\/wp-content\/uploads\/2024\/03\/Adsiz-tasarim-32-253x300.png 253w\" sizes=\"(max-width: 270px) 100vw, 270px\" \/><\/div><\/div>\n                <div class=\"content-wrap\">\n                    <div class=\"icon-wrap\"><div class=\"master-icon\"><i class=\"agi agi-vegetable-1\"><\/i><\/div><\/div><h3 class=\"headline-2\">Armut<\/h3>                <\/div>\n                    <\/div>\n        <\/div>\t\t<\/div>\n\t\t\t\t<\/div>\n\t\t\t\t\t<\/div>\n\t\t<\/div>\n\t\t\t\t<div class=\"elementor-column elementor-col-25 elementor-inner-column elementor-element elementor-element-831fd10\" data-id=\"831fd10\" data-element_type=\"column\">\n\t\t\t<div class=\"elementor-widget-wrap elementor-element-populated\">\n\t\t\t\t\t\t<div class=\"elementor-element elementor-element-cf9aa9b align-center custom-image-box-1 image-box-style-1 elementor-widget elementor-widget-mae-image-box\" data-id=\"cf9aa9b\" data-element_type=\"widget\" data-widget_type=\"mae-image-box.default\">\n\t\t\t\t<div class=\"elementor-widget-container\">\n\t\t\t                <div class=\"master-wrap\">\n                                <div class=\"master-decor html elementor-repeater-item-04c3623 \">\n                                            <\/div>\n                        <div class=\"master-image-box \">\n                            <div class=\"thumb\"><div class=\"inner\"><img decoding=\"async\" width=\"270\" height=\"320\" src=\"https:\/\/hacibeygroup.com\/wp-content\/uploads\/2024\/03\/Adsiz-tasarim-29.png\" class=\"attachment-full size-full\" alt=\"\" srcset=\"https:\/\/hacibeygroup.com\/wp-content\/uploads\/2024\/03\/Adsiz-tasarim-29.png 270w, https:\/\/hacibeygroup.com\/wp-content\/uploads\/2024\/03\/Adsiz-tasarim-29-253x300.png 253w\" sizes=\"(max-width: 270px) 100vw, 270px\" \/><\/div><\/div>\n                <div class=\"content-wrap\">\n                    <div class=\"icon-wrap\"><div class=\"master-icon\"><i class=\"agi agi-vegetable-1\"><\/i><\/div><\/div><h3 class=\"headline-2\">Portakal<\/h3>                <\/div>\n                    <\/div>\n        <\/div>\t\t<\/div>\n\t\t\t\t<\/div>\n\t\t\t\t<div class=\"elementor-element elementor-element-fa15d6d align-center custom-image-box-1 image-box-style-1 elementor-widget elementor-widget-mae-image-box\" data-id=\"fa15d6d\" data-element_type=\"widget\" data-widget_type=\"mae-image-box.default\">\n\t\t\t\t<div class=\"elementor-widget-container\">\n\t\t\t                <div class=\"master-wrap\">\n                                <div class=\"master-decor html elementor-repeater-item-04c3623 \">\n                                            <\/div>\n                        <div class=\"master-image-box \">\n                            <div class=\"thumb\"><div class=\"inner\"><img loading=\"lazy\" decoding=\"async\" width=\"270\" height=\"320\" src=\"https:\/\/hacibeygroup.com\/wp-content\/uploads\/2024\/03\/Adsiz-tasarim-33.png\" class=\"attachment-full size-full\" alt=\"\" srcset=\"https:\/\/hacibeygroup.com\/wp-content\/uploads\/2024\/03\/Adsiz-tasarim-33.png 270w, https:\/\/hacibeygroup.com\/wp-content\/uploads\/2024\/03\/Adsiz-tasarim-33-253x300.png 253w\" sizes=\"(max-width: 270px) 100vw, 270px\" \/><\/div><\/div>\n                <div class=\"content-wrap\">\n                    <div class=\"icon-wrap\"><div class=\"master-icon\"><i class=\"agi agi-vegetable-1\"><\/i><\/div><\/div><h3 class=\"headline-2\">Nar<\/h3>                <\/div>\n                    <\/div>\n        <\/div>\t\t<\/div>\n\t\t\t\t<\/div>\n\t\t\t\t\t<\/div>\n\t\t<\/div>\n\t\t\t\t<div class=\"elementor-column elementor-col-25 elementor-inner-column elementor-element elementor-element-0f96448\" data-id=\"0f96448\" data-element_type=\"column\">\n\t\t\t<div class=\"elementor-widget-wrap elementor-element-populated\">\n\t\t\t\t\t\t<div class=\"elementor-element elementor-element-b102c8e align-center custom-image-box-1 image-box-style-1 elementor-widget elementor-widget-mae-image-box\" data-id=\"b102c8e\" data-element_type=\"widget\" data-widget_type=\"mae-image-box.default\">\n\t\t\t\t<div class=\"elementor-widget-container\">\n\t\t\t                <div class=\"master-wrap\">\n                                <div class=\"master-decor html elementor-repeater-item-04c3623 \">\n                                            <\/div>\n                        <div class=\"master-image-box \">\n                            <div class=\"thumb\"><div class=\"inner\"><img loading=\"lazy\" decoding=\"async\" width=\"270\" height=\"320\" src=\"https:\/\/hacibeygroup.com\/wp-content\/uploads\/2024\/03\/Adsiz-tasarim-30.png\" class=\"attachment-full size-full\" alt=\"\" srcset=\"https:\/\/hacibeygroup.com\/wp-content\/uploads\/2024\/03\/Adsiz-tasarim-30.png 270w, https:\/\/hacibeygroup.com\/wp-content\/uploads\/2024\/03\/Adsiz-tasarim-30-253x300.png 253w\" sizes=\"(max-width: 270px) 100vw, 270px\" \/><\/div><\/div>\n                <div class=\"content-wrap\">\n                    <div class=\"icon-wrap\"><div class=\"master-icon\"><i class=\"agi agi-vegetable-1\"><\/i><\/div><\/div><h3 class=\"headline-2\">K\u0131rm\u0131z\u0131 Elma<\/h3>                <\/div>\n                    <\/div>\n        <\/div>\t\t<\/div>\n\t\t\t\t<\/div>\n\t\t\t\t<div class=\"elementor-element elementor-element-8500e21 align-center custom-image-box-1 image-box-style-1 elementor-widget elementor-widget-mae-image-box\" data-id=\"8500e21\" data-element_type=\"widget\" data-widget_type=\"mae-image-box.default\">\n\t\t\t\t<div class=\"elementor-widget-container\">\n\t\t\t                <div class=\"master-wrap\">\n                                <div class=\"master-decor html elementor-repeater-item-04c3623 \">\n                                            <\/div>\n                        <div class=\"master-image-box \">\n                            <div class=\"thumb\"><div class=\"inner\"><img loading=\"lazy\" decoding=\"async\" width=\"270\" height=\"320\" src=\"https:\/\/hacibeygroup.com\/wp-content\/uploads\/2024\/03\/Adsiz-tasarim-34.png\" class=\"attachment-full size-full\" alt=\"\" srcset=\"https:\/\/hacibeygroup.com\/wp-content\/uploads\/2024\/03\/Adsiz-tasarim-34.png 270w, https:\/\/hacibeygroup.com\/wp-content\/uploads\/2024\/03\/Adsiz-tasarim-34-253x300.png 253w\" sizes=\"(max-width: 270px) 100vw, 270px\" \/><\/div><\/div>\n                <div class=\"content-wrap\">\n                    <div class=\"icon-wrap\"><div class=\"master-icon\"><i class=\"agi agi-vegetable-1\"><\/i><\/div><\/div><h3 class=\"headline-2\">\u015eeftali<\/h3>                <\/div>\n                    <\/div>\n        <\/div>\t\t<\/div>\n\t\t\t\t<\/div>\n\t\t\t\t\t<\/div>\n\t\t<\/div>\n\t\t\t\t<div class=\"elementor-column elementor-col-25 elementor-inner-column elementor-element elementor-element-3cb2950\" data-id=\"3cb2950\" data-element_type=\"column\">\n\t\t\t<div class=\"elementor-widget-wrap elementor-element-populated\">\n\t\t\t\t\t\t<div class=\"elementor-element elementor-element-85c2c61 align-center custom-image-box-1 image-box-style-1 elementor-widget elementor-widget-mae-image-box\" data-id=\"85c2c61\" data-element_type=\"widget\" data-widget_type=\"mae-image-box.default\">\n\t\t\t\t<div class=\"elementor-widget-container\">\n\t\t\t                <div class=\"master-wrap\">\n                                <div class=\"master-decor html elementor-repeater-item-04c3623 \">\n                                            <\/div>\n                        <div class=\"master-image-box \">\n                            <div class=\"thumb\"><div class=\"inner\"><img loading=\"lazy\" decoding=\"async\" width=\"270\" height=\"320\" src=\"https:\/\/hacibeygroup.com\/wp-content\/uploads\/2024\/03\/Adsiz-tasarim-31.png\" class=\"attachment-full size-full\" alt=\"\" srcset=\"https:\/\/hacibeygroup.com\/wp-content\/uploads\/2024\/03\/Adsiz-tasarim-31.png 270w, https:\/\/hacibeygroup.com\/wp-content\/uploads\/2024\/03\/Adsiz-tasarim-31-253x300.png 253w\" sizes=\"(max-width: 270px) 100vw, 270px\" \/><\/div><\/div>\n                <div class=\"content-wrap\">\n                    <div class=\"icon-wrap\"><div class=\"master-icon\"><i class=\"agi agi-vegetable-1\"><\/i><\/div><\/div><h3 class=\"headline-2\">\u00dcz\u00fcm<\/h3>                <\/div>\n                    <\/div>\n        <\/div>\t\t<\/div>\n\t\t\t\t<\/div>\n\t\t\t\t<div class=\"elementor-element elementor-element-7978ced align-center custom-image-box-1 image-box-style-1 elementor-widget elementor-widget-mae-image-box\" data-id=\"7978ced\" data-element_type=\"widget\" data-widget_type=\"mae-image-box.default\">\n\t\t\t\t<div class=\"elementor-widget-container\">\n\t\t\t                <div class=\"master-wrap\">\n                                <div class=\"master-decor html elementor-repeater-item-04c3623 \">\n                                            <\/div>\n                        <div class=\"master-image-box \">\n                            <div class=\"thumb\"><div class=\"inner\"><img loading=\"lazy\" decoding=\"async\" width=\"270\" height=\"320\" src=\"https:\/\/hacibeygroup.com\/wp-content\/uploads\/2024\/03\/Adsiz-tasarim-35.png\" class=\"attachment-full size-full\" alt=\"\" srcset=\"https:\/\/hacibeygroup.com\/wp-content\/uploads\/2024\/03\/Adsiz-tasarim-35.png 270w, https:\/\/hacibeygroup.com\/wp-content\/uploads\/2024\/03\/Adsiz-tasarim-35-253x300.png 253w\" sizes=\"(max-width: 270px) 100vw, 270px\" \/><\/div><\/div>\n                <div class=\"content-wrap\">\n                    <div class=\"icon-wrap\"><div class=\"master-icon\"><i class=\"agi agi-vegetable-1\"><\/i><\/div><\/div><h3 class=\"headline-2\">Kay\u0131s\u0131<\/h3>                <\/div>\n                    <\/div>\n        <\/div>\t\t<\/div>\n\t\t\t\t<\/div>\n\t\t\t\t\t<\/div>\n\t\t<\/div>\n\t\t\t\t\t<\/div>\n\t\t<\/section>\n\t\t\t\t\t<\/div>\n\t\t<\/div>\n\t\t\t\t\t<\/div>\n\t\t<\/section>\n\t\t\t\t<\/div>\n\t\t\n    <div class=\"xs_social_share_widget xs_share_url after_content \t\tmain_content  wslu-style-1 wslu-share-box-shaped wslu-fill-colored wslu-none wslu-share-horizontal wslu-theme-font-no wslu-main_content\">\n\n\t\t\n        <ul>\n\t\t\t        <\/ul>\n    <\/div> \n","protected":false},"excerpt":{"rendered":"<p>Limon Armut Portakal Nar K\u0131rm\u0131z\u0131 Elma \u015eeftali \u00dcz\u00fcm Kay\u0131s\u0131<\/p>\n","protected":false},"author":1,"featured_media":0,"parent":0,"menu_order":0,"comment_status":"closed","ping_status":"closed","template":"","meta":{"inline_featured_image":false,"footnotes":""},"class_list":["post-2411","page","type-page","status-publish","hentry"],"_links":{"self":[{"href":"https:\/\/hacibeygroup.com\/index.php\/wp-json\/wp\/v2\/pages\/2411","targetHints":{"allow":["GET"]}}],"collection":[{"href":"https:\/\/hacibeygroup.com\/index.php\/wp-json\/wp\/v2\/pages"}],"about":[{"href":"https:\/\/hacibeygroup.com\/index.php\/wp-json\/wp\/v2\/types\/page"}],"author":[{"embeddable":true,"href":"https:\/\/hacibeygroup.com\/index.php\/wp-json\/wp\/v2\/users\/1"}],"replies":[{"embeddable":true,"href":"https:\/\/hacibeygroup.com\/index.php\/wp-json\/wp\/v2\/comments?post=2411"}],"version-history":[{"count":11,"href":"https:\/\/hacibeygroup.com\/index.php\/wp-json\/wp\/v2\/pages\/2411\/revisions"}],"predecessor-version":[{"id":3046,"href":"https:\/\/hacibeygroup.com\/index.php\/wp-json\/wp\/v2\/pages\/2411\/revisions\/3046"}],"wp:attachment":[{"href":"https:\/\/hacibeygroup.com\/index.php\/wp-json\/wp\/v2\/media?parent=2411"}],"curies":[{"name":"wp","href":"https:\/\/api.w.org\/{rel}","templated":true}]}}